divisor of 4048 and 14458928.
176
What is the highest common factor of 49242490 and 7524?
418
Calculate the greatest common divisor of 180 and 48066444.
36
Calculate the highest common factor of 5 and 473234005.
5
What is the greatest common factor of 1303080 and 420?
60
What is the greatest common factor of 46944 and 398?
2
Calculate the highest common factor of 2175 and 1209706.
29
Calculate the highest common divisor of 759948 and 2562.
42
Calculate the highest common divisor of 3960 and 252153.
99
Calculate the greatest common divisor of 79217568 and 2216.
2216
Calculate the highest common factor of 21 and 32307121.
7
Calculate the highest common divisor of 27 and 3495003.
3
What is the greatest common divisor of 7965168 and 22?
2
Calculate the highest common factor of 91 and 54102657.
7
What is the greatest common divisor of 21067710 and 15?
15
What is the greatest common divisor of 3905426 and 105364?
994
What is the highest common divisor of 183 and 123912167?
61
Calculate the greatest common divisor of 4526 and 337406.
146
Calculate the highest common divisor of 9354504 and 3384.
1128
What is the greatest common divisor of 4799919 and 40272?
2517
What is the greatest common divisor of 110 and 151638608?
22
What is the highest common divisor of 275 and 5869375?
25
What is the highest common divisor of 660674 and 17507?
287
What is the highest common divisor of 8830846 and 341?
31
What is the greatest common divisor of 741 and 1644526?
247
What is the greatest common divisor of 16595 and 165289519?
3319
Calculate the greatest common divisor of 342694 and 259757.
421
What is the highest common factor of 123 and 75515891?
41
What is the highest common factor of 1135 and 17976811?
227
Calculate the greatest common factor of 261 and 210636483.
87
Calculate the greatest common divisor of 850 and 4670550.
50
Calculate the greatest common factor of 190 and 1103736885.
95
What is the highest common factor of 36 and 1119399612?
12
Calculate the highest common divisor of 49319188 and 44.
4
Calculate the highest common divisor of 235664 and 3419.
13
Calculate the greatest common divisor of 3662516 and 57.
19
What is the highest common divisor of 376201 and 421750?
1687
Calculate the greatest common divisor of 101082 and 36151680.
5946
Calculate the greatest common factor of 324246 and 4290.
78
Calculate the highest common divisor of 20116564 and 598.
26
What is the highest common factor of 47960601 and 156?
39
What is the greatest common divisor of 5121 and 3139742?
569
What is the highest common factor of 1581353280 and 114?
114
What is the greatest common factor of 5172 and 49473628?
1724
What is the highest common divisor of 22312 and 150678514?
5578
Calculate the greatest common factor of 101928 and 261944.
1096
What is the greatest common divisor of 523476 and 108?
108
What is the greatest common divisor of 28446 and 2941144?
862
What is the highest common factor of 19568 and 15200?
16
Calculate the greatest common divisor of 804 and 8779948.
268
What is the highest common divisor of 4827039 and 125538?
1029
Calculate the greatest common divisor of 12 and 22059384.
12
Calculate the highest common factor of 33867712 and 128.
64
What is the greatest common divisor of 277780494 and 309?
309
What is the greatest common factor of 2912945 and 24675?
35
Calculate the greatest common factor of 2444413 and 68.
17
What is the greatest common divisor of 220091 and 26416?
127
What is the highest common divisor of 1460 and 106487144?
292
Calculate the greatest common factor of 276 and 5827004.
92
Calculate the highest common divisor of 8479232 and 512.
512
Calculate the greatest common divisor of 2268844 and 4843.
29
What is the greatest common factor of 20298 and 162779214?
1194
What is the highest common factor of 18164074 and 362?
362
Calculate the highest common factor of 36 and 1855465068.
12
What is the greatest common factor of 13151515 and 57?
19
What is the greatest common divisor of 27636 and 5450214?
1974
Calculate the highest common factor of 315960 and 27480.
120
Calculate the greatest common factor of 6158438 and 6710.
1342
What is the highest common factor of 27 and 18619821?
27
Calculate the highest common factor of 1171040 and 3640.
520
Calculate the greatest common factor of 1089605174 and 62.
62
What is the greatest common factor of 207690 and 23220?
1290
Calculate the greatest common factor of 618428 and 1132308.
1772
Calculate the greatest common divisor of 233210 and 1810.
10
Calculate the greatest common divisor of 651080 and 1845.
205
Calculate the highest common divisor of 562650 and 5744475.
9075
Calculate the highest common divisor of 767593134 and 4851.
4851
Calculate the greatest common factor of 728 and 123608.
8
Calculate the greatest common factor of 192493959 and 57.
57
Calculate the greatest common divisor of 3155 and 2015.
5
Calculate the greatest common divisor of 20104684 and 36.
4
Calculate the highest common factor of 101136 and 1139586.
1806
Calculate the greatest common factor of 929588 and 44696.
148
Calculate the greatest common divisor of 1859257 and 1592.
199
What is the greatest common divisor of 10 and 9342510?
10
What is the highest common factor of 3791329 and 16737?
797
What is the greatest common factor of 28203246 and 90?
18
Calculate the greatest common factor of 22161 and 602352.
267
What is the highest common divisor of 12688 and 3984656?
208
Calculate the highest common factor of 13032 and 394920.
72
What is the highest common divisor of 325057845 and 822?
411
What is the highest common factor of 9433207 and 21049?
217
Calculate the highest common divisor of 1857 and 46782163.
619
What is the highest common factor of 108141 and 31284?
33
What is the greatest common factor of 21956 and 278476?
44
Calculate the highest common divisor of 180 and 7402728.
12
Calculate the highest common factor of 749111 and 14798.
151
What is the greatest common factor of 7159070 and 5590?
430
Calculate the highest common divisor of 42425984 and 4416.
1472
Calculate the highest common factor of 6666 and 739279398.
6666
What is the greatest common divisor of 79203 and 94080740?
1553
What is the highest common divisor of 4490179 and 4?
1
Calculate the highest common divisor of 3142 and 33903751.
1571
What is the greatest common factor of 315 and 1221465?
105
What is the greatest common factor of 11136 and 57968883?
87
Calculate the greatest common divisor of 2916 and 34768197.
729
What is the highest common divisor of 2524912 and 6812?
52
Calculate the greatest common divisor of 371898 and 2522.
194
Calculate the highest common factor of 10764 and 55611608.
1196
Calculate the highest common factor of 275 and 24274855.
55
Calculate the greatest common divisor of 5929300 and 1092.
52
Calculate the greatest common divisor of 1512 and 119596680.
504
What is the highest common factor of 100752 and 3427667?
2099
What is the highest common divisor of 180419442 and 14?
14
Calculate the highest common divisor of 19 and 45006269.
19
Calculate the highest common divisor of 61963 and 10836.
43
What is the greatest common divisor of 26920 and 18335885?
3365
What is the highest common divisor of 30158496 and 36?
36
Calculate the greatest common factor of 3480860 and 11646.
1294
What is the greatest common factor of 10984 and 5556531?
1373
Calculate the highest common divisor of 16907 and 86404021.
319
Calculate the highest common factor of 139219 and 7797.
23
Calculate the highest common divisor of 25400 and 1559950.
50
Calculate the highest common divisor of 44408 and 2363018.
854
Calculate the highest common divisor of 149632 and 20352.
128
What is the highest common factor of 1979824 and 22576743?
11249
What is the greatest common factor of 2409706 and 104?
26
What is the highest common divisor of 835055846 and 978?
326
What is the highest common divisor of 47416 and 8352?
8
Calculate the highest common divisor of 323 and 2666110.
17
What is the greatest common divisor of 49515 and 647385?
15
Calculate the highest common divisor of 1345246 and 16724.
74
Calculate the greatest common factor of 2057 and 585701.
17
Calculate the greatest common divisor of 2736 and 29076612.
228
Calculate the greatest common divisor of 108 and 568486